or of 3431142 and 2365.
473
Calculate the greatest common divisor of 3050 and 104188.
122
Calculate the highest common factor of 17841 and 4541.
19
What is the highest common divisor of 76041 and 189?
63
What is the highest common factor of 704274 and 5485?
1097
What is the highest common factor of 9542 and 114871?
367
Calculate the greatest common factor of 21 and 480873.
3
What is the highest common divisor of 62 and 18755?
31
What is the greatest common divisor of 54327 and 429?
39
Calculate the greatest common divisor of 16848 and 10179.
351
What is the greatest common factor of 1899 and 2043?
9
Calculate the greatest common divisor of 3315 and 289.
17
What is the greatest common factor of 70 and 135760?
10
Calculate the highest common divisor of 9380 and 8960.
140
What is the highest common divisor of 268 and 775525?
67
What is the greatest common factor of 1172 and 1712878?
586
Calculate the greatest common divisor of 132 and 466068.
12
What is the highest common divisor of 33 and 798347?
11
What is the highest common divisor of 5 and 3127165?
5
What is the highest common factor of 1306665 and 207?
9
What is the greatest common divisor of 162330 and 10?
10
What is the greatest common factor of 2112 and 503448?
264
What is the greatest common divisor of 70594 and 94?
94
What is the greatest common divisor of 1036 and 3939908?
1036
Calculate the greatest common divisor of 29574 and 6138.
558
What is the greatest common divisor of 39324 and 10622?
226
Calculate the highest common factor of 593909 and 519.
173
What is the greatest common factor of 106761 and 114?
57
Calculate the greatest common factor of 12 and 168540.
12
What is the highest common factor of 33078 and 11766?
222
What is the highest common divisor of 109512 and 108?
108
Calculate the highest common factor of 8385 and 30315.
645
What is the greatest common divisor of 217 and 6107?
31
What is the greatest common factor of 236281 and 277?
277
What is the highest common factor of 251 and 251?
251
What is the highest common divisor of 325 and 200?
25
What is the greatest common divisor of 1862788 and 388?
388
Calculate the highest common divisor of 36540 and 26680.
580
What is the greatest common factor of 7952 and 35?
7
Calculate the greatest common divisor of 291 and 107573.
97
Calculate the greatest common factor of 790125 and 1155.
105
What is the greatest common divisor of 1409771 and 1342?
671
What is the greatest common divisor of 810415 and 545?
545
Calculate the highest common divisor of 17629 and 289.
289
Calculate the greatest common factor of 18407 and 6291.
233
What is the highest common divisor of 209 and 27873?
19
What is the greatest common factor of 3262 and 11184?
466
What is the highest common factor of 18769 and 137?
137
What is the highest common factor of 11935 and 3465?
385
What is the highest common divisor of 92943 and 414?
207
Calculate the highest common factor of 804 and 198052.
268
Calculate the highest common factor of 290502 and 342.
18
Calculate the highest common factor of 9017 and 71.
71
Calculate the highest common factor of 21464 and 8.
8
What is the greatest common divisor of 15772 and 118?
2
What is the greatest common factor of 358998 and 6?
6
What is the highest common factor of 46505 and 7100?
355
Calculate the greatest common divisor of 10435062 and 669.
669
What is the greatest common divisor of 96547 and 1111?
11
Calculate the greatest common divisor of 736 and 21988.
92
What is the greatest common divisor of 252 and 9773316?
252
Calculate the greatest common divisor of 7 and 646142.
7
What is the highest common divisor of 50181 and 1167?
1167
Calculate the highest common factor of 25182 and 90.
18
Calculate the greatest common divisor of 36 and 264.
12
What is the highest common divisor of 168 and 679?
7
Calculate the highest common factor of 186 and 287277.
93
Calculate the highest common factor of 175 and 26875.
25
What is the highest common factor of 27083 and 3392?
53
Calculate the highest common divisor of 128 and 1336.
8
Calculate the highest common factor of 477828 and 195.
39
Calculate the highest common factor of 6352 and 64.
16
Calculate the highest common divisor of 755 and 25.
5
Calculate the greatest common divisor of 582 and 31040.
194
What is the highest common factor of 118350 and 5?
5
Calculate the greatest common factor of 22 and 1984334.
22
Calculate the highest common divisor of 528 and 2801392.
176
Calculate the greatest common divisor of 4280325 and 75.
75
What is the greatest common factor of 14 and 18283874?
14
Calculate the greatest common factor of 487020 and 80.
20
What is the highest common factor of 102 and 185997?
51
What is the greatest common factor of 149487 and 39?
39
Calculate the greatest common divisor of 312702 and 57.
57
Calculate the greatest common divisor of 23852 and 3204.
356
Calculate the highest common factor of 804 and 335.
67
What is the greatest common divisor of 305726 and 568?
142
What is the highest common divisor of 2491 and 3657?
53
What is the greatest common divisor of 506 and 3322?
22
What is the highest common factor of 1862823 and 1146?
573
What is the highest common factor of 45904 and 95?
19
What is the highest common divisor of 6946 and 2346?
46
Calculate the highest common divisor of 4519889 and 11.
11
What is the highest common factor of 4929 and 233253?
159
What is the highest common divisor of 1286667 and 18?
9
What is the greatest common factor of 105 and 3864?
21
What is the highest common factor of 133406 and 1066?
26
Calculate the greatest common divisor of 67120 and 32.
16
Calculate the highest common divisor of 1425 and 281850.
75
What is the greatest common factor of 250968 and 56?
8
What is the greatest common factor of 1701 and 28?
7
What is the highest common divisor of 2697 and 1653?
87
What is the highest common divisor of 4307457 and 84?
21
Calculate the greatest common divisor of 3577 and 49.
49
Calculate the highest common divisor of 962982 and 9.
9
Calculate the greatest common factor of 908856 and 936.
936
Calculate the highest common divisor of 136084 and 52.
52
What is the highest common divisor of 40 and 3260?
20
What is the greatest common divisor of 41665 and 390?
65
What is the highest common factor of 41997 and 3?
3
Calculate the highest common divisor of 48 and 484584.
24
What is the highest common divisor of 19740 and 106972?
188
Calculate the greatest common factor of 311310 and 495.
45
What is the highest common factor of 1350 and 124890?
30
What is the highest common divisor of 280 and 98924?
28
Calculate the greatest common divisor of 75 and 336615.
15
Calculate the highest common divisor of 10436 and 24.
4
What is the greatest common factor of 6795 and 720?
45
Calculate the highest common factor of 70 and 2531830.
70
Calculate the greatest common factor of 29066 and 16.
2
What is the highest common divisor of 15317 and 15895?
289
What is the greatest common factor of 9472 and 185?
37
What is the greatest common divisor of 47376 and 72?
72
What is the greatest common divisor of 98090 and 130?
10
Calculate the highest common divisor of 116260 and 20.
20
Calculate the highest common divisor of 110 and 3870.
10
What is the greatest common divisor of 7854 and 429?
33
Calculate the greatest common factor of 409701 and 111.
111
What is the highest common factor of 30 and 8118?
6
What is the highest common factor of 105 and 1265523?
21
What is the greatest common divisor of 40336 and 976?
16
What is the greatest common divisor of 321 and 11598372?
321
What is the highest common divisor of 107 and 79501?
107
Calculate the highest common divisor of 62208 and 243.
243
What is the greatest common factor of 45708 and 372?
12
Calculate the highest common factor of 345 and 10695.
345
What is the greatest common factor of 73731 and 3?
3
What is the greatest common factor of 694 and 338?
2
What is the highest common factor of 672 and 681744?
336
Calculate the highest common divisor of 2657349 and 1174.
587
What is the highest common divisor of 12960024 and 1848?
1848
Calculate the greatest common factor of 2 and 20642.
2
What is the highest common divisor of 34 and 549474?
34
Calculate the greatest common factor of 383 and 168137.
383
Calculate the hig